11
Let p(s) = -4*s. Let i be 12/(-2) + 4*11/(-44). Calculate p(i).
28
Let n be 20/(-6)*(-141)/470. Let c(t) = 39*t + 11. Calculate c(n).
50
Let b(t) = 2*t - 6. Let q = -22 + -38. Let g = q - -75. Suppose 5*h = 2*h - g, 5*h = -3*j - 7. Determine b(j).
6
Let x = 161 + -159. Let c(n) = 5*n + 5*n**x - 3*n**2 + 2*n - 1 - n**2. Determine c(-8).
7
Let b(c) = -c**2 + c - 1. Let h(f) = 5*f**2 - 4*f + 6. Let v(o) = 6*b(o) + h(o). Let i = 371 + -363. Let k be ((i/(-20))/(2/10))/(-2). What is v(k)?
1
Let c(n) be the second derivative of -1/20*n**5 + 7/2*n**2 + n + 16 - 1/12*n**4 - 1/6*n**3. Give c(0).
7
Suppose m - 5*r = -0*m + 5, 0 = -4*r. Let z(v) = -2*v**2 + 5*v + 1. Let n be z(m). Let u = 17 + n. Let a(y) = -y - 10. Give a(u).
-3
Let y be 4/(36042/7206 + -5). Let i(o) = -o + 2403*o**2 - 4*o - 5 - y*o**2. Determine i(6).
1
Suppose -37 = -4*n - 5*c, 29 = 5*n + 5*c - 21. Let w(r) = 3 - 3*r + 14*r**2 + 3*r + n*r**2 - 29*r**2 + r. Determine w(5).
-42
Let g = 9 - 6. Suppose -r - 9 = -4*n + 6, 0 = 2*n + g*r - 11. Let c(o) = 4 + 0 + 3 - n + o. Calculate c(0).
3
Let i(g) = -5*g**3 - 2 - 208*g + 3 + 207*g - g**2. Suppose 5*a = -3*n + 8, -2*n = 3*a - 7 + 2. Suppose u = -2*o + a, o - 4*u = -2*o + 7. Determine i(o).
-6
Let v be ((-2)/1)/(116/(-20242)). Let t(u) = -4*u**2 + 174 + 173 + 14*u - v - u**3 - 2*u. Calculate t(-6).
-2
Suppose -6*o - 84 = 4*k - o, -o = -k - 12. Let m be (-585)/(-60) + (-2)/k*2. Suppose 0 = 2*g - m - 0. Let j(s) = -s - 1. Determine j(g).
-6
Let n(i) = -38*i**2 + 105*i - 26. Let f(x) = 13*x**2 - 37*x + 9. Let u(l) = -17*f(l) - 6*n(l). Determine u(2).
29
Let m(z) be the second derivative of z**4/3 - 21*z**3/2 - 10*z**2 + 180*z - 2. Give m(16).
-4
Let w = 334 - 220. Suppose w - 126 = 4*g. Let u(c) = c**2 + 3*c - 5. What is u(g)?
-5
Let b(w) = -w**3 - 8*w**2 + 39*w + 77. Let k(x) = x**2 + 58*x - 326. Let o be k(-63). Determine b(o).
11
Let j(q) be the third derivative of 0*q + 1/6*q**4 - 3/2*q**3 - 1 - 64*q**2. Give j(7).
19
Suppose -2*o + 3 - 19 = 0. Let c = 13 + o. Let n(z) = -c*z + 6*z + z + 2 - 12*z. Calculate n(2).
-18
Let z(f) be the second derivative of 1/60*f**5 + 0 - 1/6*f**3 - 1/20*f**6 + 0*f**4 - 20*f - 7*f**2. Let k(t) be the first derivative of z(t). What is k(-1)?
6
Let n(p) be the first derivative of -1/12*p**4 + 1/6*p**3 + 0*p - 6 + 1/60*p**5 - 3/2*p**2. Let k(b) be the second derivative of n(b). Calculate k(-3).
16
Let w(i) = -6*i + 12. Let u be (-21)/3 - -2 - (-18 - -7). What is w(u)?
-24
Let u(n) = 7*n**3 - n - 10. Let a(i) = -12*i**3 - i**2 + 2*i + 17. Let y(s) = -3*a(s) - 5*u(s). Determine y(-3).
2
Let h(b) = -8*b - 2. Let u(d) = 2*d - 1. Let i(y) = 2*h(y) - 2*u(y). Determine i(-2).
38
Let z(k) be the first derivative of -517 + k**2 + 0*k**2 - 9*k + 600. Calculate z(5).
1
Let l(p) = p**3 + 3*p**2 - 41*p - 16. Let h = -923 + 915. Give l(h).
-8
Let f be (-10 - 145/(-15))*-3. Suppose -4*i = -7 - 1. Let q(h) = -h - 1 + i - 2*h. Determine q(f).
-2
Let n(c) = -c**2 - 90*c + 3907. Let i be n(-122). Let o(l) = -9*l + 46. What is o(i)?
19
Suppose -12*z + 1378 - 1432 = -q, -5*z + 3*q - 38 = 0. Let s(u) = 3 + 2 + u + u. Give s(z).
-3
Let c be (-133)/(-9) - 32/(-144). Let t(u) = -10 - 4 - u + c + 3*u. Calculate t(-1).
-1
Let w(p) = -43*p + 4 + 1 + 21*p + 0 + 21*p. Let z(g) = 6*g - 33. Let a(r) = -3*w(r) - z(r). Give a(6).
0
Let j be 12 - (175/(-350) + (12 - 0)). Let k(c) be the first derivative of 33 - j*c**2 + 0*c. Calculate k(-1).
1
Let d(r) be the second derivative of -2*r**3/3 + r**2 - r. Suppose 5*h + 7*h = 3660. Let l = 303 - h. Calculate d(l).
10
Let a(g) be the third derivative of -g**6/60 - g**5/10 - g**4/12 + g**3/3 + 22*g**2 + 22. Determine a(-4).
42
Let p(x) = x + 11. Let w be (0 + 2)/1 + 2 + 9. Let m(y) = -7*y + y**3 + w - 20 + 4*y**2 + 2*y. Let j be m(-5). What is p(j)?
4
Suppose 12*n - 34 = 26. Suppose -4*d = 2*v + 8, 4*d = -4 - 8. Let a(k) = -3*k - k**2 + 4 - 2*k + 2*k**v. Calculate a(n).
4
Suppose -f = -2*y + 50, -8*y - 4*f = -46 - 154. Let v(n) = 4*n - 107. What is v(y)?
-7
Suppose q = -l - 3*q - 3, 3 = 5*l + 2*q. Let z be (-2)/(-14) + 180/63 + l. Let d(j) = -8*j**3 + z*j**2 - 4 - 7*j + 7*j**3 + 2*j**3. Give d(-5).
6
Let b(x) = x**2 - 5*x. Let v(l) be the third derivative of 0*l + 11/24*l**4 + 4/3*l**3 - 1/20*l**5 + 0 - 45*l**2. Let z be v(4). Determine b(z).
-4
Suppose 3*c = -2*d - 13, 5*d + 4 = 3*c - c. Let l be d - (0*(-4)/(-8) - -2). Let y(j) = -3*j**2 - 7*j - 6. Give y(l).
-26
Let r be (2 - 22)*(-2)/4. Let n(c) be the second derivative of 1/12*c**4 + 0 - 115*c - 5/3*c**3 - 3/2*c**2. Calculate n(r).
-3
Suppose 0 = 3*w + 3*t + 117, 45 = -2*w + 3*t - 43. Let p = -35 - w. Let n(r) = 2*r + p - r - r**3 - 2*r. Calculate n(0).
6
Let u be ((-3 - -6) + -2)*-2*-2. Suppose -u*a + 3*l = -55, 4*a - 22 - 27 = 5*l. Suppose 5 - 3 = -r - 3*w, -a = -r + 3*w. Let b(o) = -o**2 + 7*o + 3. Give b(r).
3
Let u(d) = d + 1. Suppose 957 = r + 4*r - 2*w, 3*r - 563 = 4*w. Let y = r - 196. Give u(y).
-2
Let m(i) = -89 - 90 + 10*i**2 + 14*i + 180. Let p(w) = 20*w**2 + 26*w + 2. Let o(g) = 11*m(g) - 6*p(g). Determine o(-1).
-9
Let j(f) be the first derivative of -10*f**2 + 27*f + 7265. Calculate j(6).
-93
Let c(b) = -5*b**3 - 2*b**2 - 10*b - 4. Let q be (-4 - 10)/(-7)*2/(-4). Let n(v) = 2*v**3 - v**2 + v. Let p(s) = q*c(s) - 3*n(s). Give p(6).
10
Let w be 92/24 + (-4)/(-24). Let p(c) = -c**2 - 6*c + 5. Calculate p(w).
-35
Let s(p) = -4*p**2 - 14*p + 8. Let r be s(-4). Suppose b + 50 - 46 = r. Let y(x) = x**3 + 4*x**2 + 7*x + 5. Give y(b).
-23
Let f(n) = n**3 + 1. Let g(j) be the third derivative of 0 + 1/12*j**4 + 4/3*j**3 + 0*j - 5*j**2. Let r be g(-5). Calculate f(r).
-7
Let b(z) = 8*z**3 - 8*z**2 - 8*z - 17. Let u(i) = -7*i**3 + 8*i**2 + 8*i + 17. Let l(t) = 5*b(t) + 6*u(t). Let s be l(5). Let q(g) = -g + 8. Determine q(s).
1
Let x(n) = -4*n - 9. Let r(u) = u**3 + 7*u**2 + 5*u + 31. Let p be r(-7). Determine x(p).
7
Let v(c) = 82*c**2 - c + 2. Suppose 17170*u - 13 = 17157*u. What is v(u)?
83
Suppose -5*f = -5*g + 15, -4 + 13 = -3*g - 3*f. Let h(q) = -q**2 - 4*q + 14. Let s be h(-6). Let w(v) = 23 + 8 - v + v**s - 43. Determine w(g).
-12
Suppose -3*r - 86 = -4*o - 0*o, -5*o = -2*r - 62. Let f = r - -28. Suppose 22 = -4*g - f. Let v(b) = -b**3 - 6*b**2 - b - 2. Determine v(g).
4
Let s(x) = 8*x - 110. Let l be s(14). Let r(j) = 4*j + 7*j - 14*j + l*j - j**2. Give r(-2).
-2
Let t(g) = -28*g - 1. Suppose 5 - 9 + 8 = -4*l. What is t(l)?
27
Let o(w) be the second derivative of -w**5/20 - w**4 - 5*w**3/6 - 4*w**2 + 151*w. Let i(p) = -p**2 - 2*p + 2. Let v(n) = -6*i(n) - o(n). Calculate v(-17).
-4
Let z(i) be the second derivative of 8 - i**4 + 0*i**2 + 1/6*i**3 + i. Give z(1).
-11
Let s = 708 + -402. Let k(n) = -s*n + 8*n**2 - 9*n**2 - 8 + 313*n. Determine k(5).
2
Suppose 36 = 8*y + 108. Let f be -6 + (-318)/(-54) - 64/y. Let c(s) = -s**3 + 6*s**2 + 3*s + 6. Determine c(f).
-22
Let k(c) be the second derivative of -c**7/210 + c**6/180 - c**5/60 + c**4/24 + 35*c**3/6 + 9*c. Let a(w) be the second derivative of k(w). Determine a(1).
-3
Let b(i) = -2*i**2 + 13. Let v(d) = 6*d**2 + d - 27. Let q(n) = -9*b(n) - 4*v(n). Let g(u) = -13*u**2 - 7*u - 19. Let z(m) = 2*g(m) - 5*q(m). Give z(-2).
11
Let b(z) = 6*z**2 + 2*z - 3. Let h be b(2). Let w = 135 + -133. Suppose h = -7*x + w*x. Let r(g) = g**3 + 3*g**2 - 6*g + 7. Give r(x).
-13
Let y = -39676 - -39670. Let k = 4 + -2. Let n(t) = -t + 0*t + k + 0. Calculate n(y).
8
Let c(t) = t**2 + 3*t + 14 + 43 - 108. What is c(0)?
-51
Let c(q) = q**2 + 35*q + 296. Let t be c(-20). Let a(h) = 9*h**2 - 3*h + 1 + h**3 - h**2 - 4*h**2. What is a(t)?
13
Let s(v) = -5*v**2 + 317*v**3 + v - 316*v**3 + 4*v. Suppose -7*a = -g - 11*a + 24, -3*g - 8 = -4*a. What is s(g)?
4
Let x(z) = z**2 - 26*z + 162. Let v be x(16). Suppose 5*r - 15 = -5*y, -5*r + 6*y - v*y = -15. Let o(s) = s**2 - 6*s + 4. Give o(r).
-5
Let c = 4 - 2. Let q(o) = o**2 + 2*o - 1. Let t(d) = -2 - 298*d**2 + 151*d**2 + 5*d - 1 + 150*d**2. Let s(a) = c*t(a) - 5*q(a). Determine s(2).
3
Let n(c) = 2*c + 2. Suppose 0 = -4*y + 7*y + 6, -4*p - 5*y = -10. Let h(i) = -4*i - 1. Let x(t) = p*h(t) + 4*n(t). Determine x(2).
-21
Let c(y) = -y. Let o(i) be the third derivative of -i**4/24 - i**3/6 - 36*i**2. Let j(f) = 5*c(f) - 6*o(f). What is j(-5)?
1
Let j(n) = 37*n + 1